{"id":47,"date":"2016-04-22T10:47:38","date_gmt":"2016-04-22T10:47:38","guid":{"rendered":"http:\/\/carco.fr\/?page_id=47"},"modified":"2020-04-01T13:19:38","modified_gmt":"2020-04-01T13:19:38","slug":"nos-projets","status":"publish","type":"page","link":"https:\/\/carco.fr\/?page_id=47","title":{"rendered":"Carco Lab&rsquo;"},"content":{"rendered":"<p>[et_pb_section fb_built=\u00a0\u00bb1&Prime; _builder_version=\u00a0\u00bb3.22&Prime;][et_pb_row _builder_version=\u00a0\u00bb3.25&Prime; background_size=\u00a0\u00bbinitial\u00a0\u00bb background_position=\u00a0\u00bbtop_left\u00a0\u00bb background_repeat=\u00a0\u00bbrepeat\u00a0\u00bb][et_pb_column type=\u00a0\u00bb4_4&Prime; _builder_version=\u00a0\u00bb3.25&Prime; custom_padding=\u00a0\u00bb|||\u00a0\u00bb custom_padding__hover=\u00a0\u00bb|||\u00a0\u00bb][et_pb_text _builder_version=\u00a0\u00bb3.27.4&Prime; background_size=\u00a0\u00bbinitial\u00a0\u00bb background_position=\u00a0\u00bbtop_left\u00a0\u00bb background_repeat=\u00a0\u00bbrepeat\u00a0\u00bb]<\/p>\n<p>Le d\u00e9partement R&amp;D de Carco est porteur de projets innovants<\/p>\n<p>Nos \u00e9quipes c\u00f4toient depuis de nombreuses ann\u00e9es les meilleurs experts en France et dans le monde entier. De ses rencontres sont n\u00e9s de fabuleux projets dont certains sont encore en d\u00e9veloppement. Chacun d\u2019entre eux est porteur d\u2019avanc\u00e9es scientifiques ou soci\u00e9tales majeures.<\/p>\n<p>Pour les finaliser, nous avons besoin de moyens humains et financiers.<\/p>\n<p><strong>Contactez-nous pour prendre part \u00e0 la science en mouvement !<\/strong><\/p>\n<h2>Cas pratique de Carco Lab&rsquo; : La musique dans les Ehpads<\/h2>\n<p>Comment la musique classique vivante se substitue au langage chez le patient d\u00e9ment ? Des observations r\u00e9centes ont montr\u00e9 que la musique avait un effet sur l&rsquo;am\u00e9lioration ou le maintien de la cognition des personnes \u00e2g\u00e9es fragilis\u00e9es en institution.<\/p>\n<p>Notre objectif est de mesurer ces effets afin\u00a0de donner aux institutions sp\u00e9cialis\u00e9es de moyens de proposer une activit\u00e9 th\u00e9rapeutique r\u00e9currente non m\u00e9dicamenteuse.<\/p>\n<p>Avec la participation de scientifique de renom et de musiciens de grande qualit\u00e9, nous sommes \u00e0 la recherche de fonds pour nous aider \u00e0 finaliser cette \u00e9tude.<\/p>\n<p>[\/et_pb_text][\/et_pb_column][\/et_pb_row][\/et_pb_section]<\/p>\n","protected":false},"excerpt":{"rendered":"<p>Le d\u00e9partement&#8230;<\/p>\n","protected":false},"author":1,"featured_media":0,"parent":0,"menu_order":0,"comment_status":"closed","ping_status":"closed","template":"template-fullwidth.php","meta":{"_et_pb_use_builder":"on","_et_pb_old_content":"Le d\u00e9partement R&amp;D de Carco est porteur de projets innovants\n\nNos \u00e9quipes c\u00f4toient depuis de nombreuses ann\u00e9es les meilleurs experts en France et dans le monde entier. De ses rencontres sont n\u00e9s de fabuleux projets dont certains sont encore en d\u00e9veloppement. Chacun d\u2019entre eux est porteur d\u2019avanc\u00e9es scientifiques ou soci\u00e9tales majeures.\n\nPour les finaliser, nous avons besoin de moyens humains et financiers.\n\n<strong>Contactez-nous pour prendre part \u00e0 la science en mouvement !<\/strong>\n<h2>Cas pratique de Carco Lab' : La musique dans les Ehpads<\/h2>\nComment la musique classique vivante se substitue au langage chez le patient d\u00e9ment ? Des observations r\u00e9centes ont montr\u00e9 que la musique avait un effet sur l'am\u00e9lioration ou le maintien de la cognition des personnes \u00e2g\u00e9es fragilis\u00e9es en institution.\n\nNotre objectif est de mesurer ces effets afin&nbsp;de donner aux institutions sp\u00e9cialis\u00e9es de moyens de proposer une activit\u00e9 th\u00e9rapeutique r\u00e9currente non m\u00e9dicamenteuse.\n\nAvec la participation de scientifique de renom et de musiciens de grande qualit\u00e9, nous sommes \u00e0 la recherche de fonds pour nous aider \u00e0 finaliser cette \u00e9tude.\n\n&nbsp;","_et_gb_content_width":"","site-sidebar-layout":"default","site-content-layout":"","ast-site-content-layout":"","site-content-style":"default","site-sidebar-style":"default","ast-global-header-display":"","ast-banner-title-visibility":"","ast-main-header-display":"","ast-hfb-above-header-display":"","ast-hfb-below-header-display":"","ast-hfb-mobile-header-display":"","site-post-title":"","ast-breadcrumbs-content":"","ast-featured-img":"","footer-sml-layout":"","theme-transparent-header-meta":"","adv-header-id-meta":"","stick-header-meta":"","header-above-stick-meta":"","header-main-stick-meta":"","header-below-stick-meta":"","astra-migrate-meta-layouts":"default","ast-page-background-enabled":"default","ast-page-background-meta":{"desktop":{"background-color":"var(--ast-global-color-5)","background-image":"","background-repeat":"repeat","background-position":"center center","background-size":"auto","background-attachment":"scroll","background-type":"","background-media":"","overlay-type":"","overlay-color":"","overlay-opacity":"","overlay-gradient":""},"tablet":{"background-color":"","background-image":"","background-repeat":"repeat","background-position":"center center","background-size":"auto","background-attachment":"scroll","background-type":"","background-media":"","overlay-type":"","overlay-color":"","overlay-opacity":"","overlay-gradient":""},"mobile":{"background-color":"","background-image":"","background-repeat":"repeat","background-position":"center center","background-size":"auto","background-attachment":"scroll","background-type":"","background-media":"","overlay-type":"","overlay-color":"","overlay-opacity":"","overlay-gradient":""}},"ast-content-background-meta":{"desktop":{"background-color":"var(--ast-global-color-4)","background-image":"","background-repeat":"repeat","background-position":"center center","background-size":"auto","background-attachment":"scroll","background-type":"","background-media":"","overlay-type":"","overlay-color":"","overlay-opacity":"","overlay-gradient":""},"tablet":{"background-color":"var(--ast-global-color-4)","background-image":"","background-repeat":"repeat","background-position":"center center","background-size":"auto","background-attachment":"scroll","background-type":"","background-media":"","overlay-type":"","overlay-color":"","overlay-opacity":"","overlay-gradient":""},"mobile":{"background-color":"var(--ast-global-color-4)","background-image":"","background-repeat":"repeat","background-position":"center center","background-size":"auto","background-attachment":"scroll","background-type":"","background-media":"","overlay-type":"","overlay-color":"","overlay-opacity":"","overlay-gradient":""}},"footnotes":""},"class_list":["post-47","page","type-page","status-publish","hentry"],"_links":{"self":[{"href":"https:\/\/carco.fr\/index.php?rest_route=\/wp\/v2\/pages\/47","targetHints":{"allow":["GET"]}}],"collection":[{"href":"https:\/\/carco.fr\/index.php?rest_route=\/wp\/v2\/pages"}],"about":[{"href":"https:\/\/carco.fr\/index.php?rest_route=\/wp\/v2\/types\/page"}],"author":[{"embeddable":true,"href":"https:\/\/carco.fr\/index.php?rest_route=\/wp\/v2\/users\/1"}],"replies":[{"embeddable":true,"href":"https:\/\/carco.fr\/index.php?rest_route=%2Fwp%2Fv2%2Fcomments&post=47"}],"version-history":[{"count":9,"href":"https:\/\/carco.fr\/index.php?rest_route=\/wp\/v2\/pages\/47\/revisions"}],"predecessor-version":[{"id":200,"href":"https:\/\/carco.fr\/index.php?rest_route=\/wp\/v2\/pages\/47\/revisions\/200"}],"wp:attachment":[{"href":"https:\/\/carco.fr\/index.php?rest_route=%2Fwp%2Fv2%2Fmedia&parent=47"}],"curies":[{"name":"wp","href":"https:\/\/api.w.org\/{rel}","templated":true}]}}